t o(u) = u + 1. Determine o(7).
8
Let a(k) = -5*k + 165. Give a(27).
30
Let c(m) = -m**2 - 8*m - 6. Calculate c(-7).
1
Let j(g) = -g**3 + 7*g**2 - g - 3. Calculate j(7).
-10
Let n(c) = -3*c**2 - 77*c - 44. What is n(-25)?
6
Let b(u) = 2*u**2 + 4*u. Give b(3).
30
Let y(c) = c**3 - 28*c**2 + 27*c. Give y(27).
0
Let n(r) = -31*r + 5. Give n(-2).
67
Let w(k) = 2*k - 54. Determine w(24).
-6
Let w(j) = j**3 - 11*j**2 - 14*j + 10. Determine w(12).
-14
Let k(n) = -54*n**3 + 2*n**2 - n - 2. Give k(-1).
55
Let d(c) = -c**2 + 5*c + 7. What is d(8)?
-17
Let o(w) = w**2 - 12*w + 30. Give o(9).
3
Let x(h) = 26*h + 4. Calculate x(-1).
-22
Let p(q) = 7*q - 2. Calculate p(4).
26
Let y(z) = -18*z + 96. Give y(5).
6
Let u(a) = -5*a - 28. Give u(-6).
2
Let z(b) = 58*b + 174. What is z(-3)?
0
Let z(v) = v**3 + 8*v**2 + 7*v - 9. Give z(-4).
27
Let x(t) = -9*t + 18. What is x(0)?
18
Let u(g) = -g**3 + 2*g**2 + 2*g - 4. Give u(3).
-7
Let h(f) = f**3 - 22*f**2 - 7. Calculate h(22).
-7
Let z(x) = -x**2 + 10*x - 18. What is z(5)?
7
Let u(i) = -2*i**2 + 4. Give u(3).
-14
Let n(b) = 3*b - 6. Calculate n(-11).
-39
Let f(l) = -3*l**2 - 29*l - 19. What is f(-9)?
-1
Let o(t) = -28*t + 22. Determine o(-1).
50
Let g(n) = n**2 - 17*n - 106. Determine g(21).
-22
Let s(j) = 21*j**3 + j**2 + j - 2. Determine s(1).
21
Let h(g) = -g**3 + 5*g**2 - 2*g - 2. What is h(3)?
10
Let b(j) = 4*j**2 + 4*j + 10. What is b(-4)?
58
Let a(w) = -20*w + 7. Determine a(2).
-33
Let j(x) = -3*x - 19. Give j(5).
-34
Let o(n) = -16*n - 80. Calculate o(-10).
80
Let t(j) = -j**2 - 17*j - 42. Give t(-15).
-12
Let r(a) = -a**3 + 10*a**2 + 12*a + 6. Calculate r(11).
17
Let k(p) = 7*p + 31. Determine k(-5).
-4
Let k(w) = w**2 - 30*w + 183. Determine k(21).
-6
Let w(f) = -f**3 + 15*f**2 - 11*f - 12. Calculate w(13).
183
Let h(w) = -2*w + 6. Calculate h(9).
-12
Let v(p) = -p**2 - 7*p + 5. What is v(-10)?
-25
Let q(f) = 16*f**2 - 130*f + 13. Determine q(8).
-3
Let v(h) = -2*h**2 + 10*h + 8. Determine v(6).
-4
Let o(b) = -b**2 - 6*b - 7. Give o(-3).
2
Let b(c) = c**2 - 19*c + 55. What is b(16)?
7
Let t(l) = -l**3 - 7*l**2 + 27*l - 19. What is t(-10)?
11
Let d(b) = b**2 - 14*b + 8. Give d(13).
-5
Let q(o) = -14*o**2 - 2*o + 2. Calculate q(1).
-14
Let f(p) = -2*p + 2. What is f(3)?
-4
Let v(a) = -7*a**3 + 5*a + 3. What is v(-2)?
49
Let u(h) = 32*h**3 - h**2. Calculate u(1).
31
Let l(m) = m**3 + 6*m**2 - 30*m + 6. Calculate l(-9).
33
Let f(y) = 2*y**2 - 21*y + 6. What is f(9)?
-21
Let i(p) = 12*p**2 + 3*p - 2. Calculate i(1).
13
Let h(n) = 16*n**2 - 2*n - 2. What is h(-1)?
16
Let i(z) = 13*z + 33. Calculate i(-3).
-6
Let s(v) = -v**3 + 22*v**2 - 21*v + 1. Calculate s(21).
1
Let d(s) = -s**3 - 5*s**2 - 8*s - 3. Calculate d(-4).
13
Let u(h) = h**2 - 12*h + 28. What is u(8)?
-4
Let l(w) = w + 10. Give l(-11).
-1
Let x(t) = -2*t**2 + 12*t + 8. Determine x(6).
8
Let b(t) = -t**3 + 7*t**2 + 10*t - 17. Determine b(8).
-1
Let n(l) = l**3 + 4*l**2 + 5*l + 4. Give n(-3).
-2
Let h(f) = 3*f**2 + 3*f - 2. Determine h(2).
16
Let x(d) = -d**2 - 10*d + 30. Determine x(-13).
-9
Let b(w) = 5*w**2 - 14*w + 2. Determine b(6).
98
Let p(l) = l**2 - 2*l + 1. What is p(7)?
36
Let d(r) = 52*r**2. Determine d(1).
52
Let q(b) = 3*b + 7. What is q(-6)?
-11
Let r(n) = -n - 11. Give r(-4).
-7
Let f(z) = -2*z - 5. Determine f(3).
-11
Let m(u) = u**3 - 16*u**2 - 5*u + 84. What is m(16)?
4
Let z(k) = k - 13. Determine z(-2).
-15
Let p(m) = m**2 + 6*m - 7. Calculate p(-6).
-7
Let s(b) = b**2 + 10*b + 7. Calculate s(-10).
7
Let f(u) = u**3 + 6*u**2 + 6*u + 4. Determine f(-2).
8
Let y(p) = -p**3 - 22*p**2 - 20*p + 14. Determine y(-21).
-7
Let a(u) = 43*u. Determine a(1).
43
Let b(w) = w**3 + 7*w**2 - 6*w + 24. Determine b(-8).
8
Let v(y) = 63*y**2 - 3*y - 1. Calculate v(-1).
65
Let w(c) = c**3 + 38*c**2 + 37*c. Give w(-37).
0
Let v(k) = -39*k. What is v(-1)?
39
Let z(x) = x**3 + 8*x**2 + 10*x - 11. What is z(-6)?
1
Let r(c) = 11*c + 12. Give r(-6).
-54
Let i(a) = -2*a**3 - 7*a**2 - 3*a - 5. Give i(-4).
23
Let g(h) = -6*h**3 - 2*h**2 - 2*h. Give g(-2).
44
Let k(p) = -p**2 + 2. What is k(2)?
-2
Let o(g) = -g**3 - 16*g**2 + 12. Determine o(-16).
12
Let g(a) = -a**3 + 11*a**2 + 12*a - 14. Give g(12).
-14
Let i(n) = -n**3 + 10*n**2 + 15*n - 45. Determine i(11).
-1
Let r(t) = t**3 - 8*t**2 + 6*t - 9. Give r(8).
39
Let j(u) = 8*u + 3. Calculate j(6).
51
Let a(s) = -4*s - 80. Give a(-24).
16
Let i(v) = -2*v**3 + 12*v**2 + 3*v + 4. Give i(6).
22
Let k(m) = 2*m**2 - 6. Determine k(6).
66
Let x(u) = -u**2 + 18*u - 22. What is x(17)?
-5
Let p(q) = q**2 - 6*q - 10. Determine p(7).
-3
Let w(q) = -q**2 - 10*q - 1. Give w(-11).
-12
Let m(a) = -6*a - 31. What is m(-5)?
-1
Let x(p) = 6*p + 8. Calculate x(-2).
-4
Let b(o) = -3*o. What is b(2)?
-6
Let k(x) = -11*x**3 + x**2 - 2*x + 1. Determine k(1).
-11
Let g(f) = -4*f - 3. Give g(5).
-23
Let p(t) = -7*t + 44. Calculate p(-7).
93
Let f(g) = -g**2 + 14*g - 34. Determine f(11).
-1
Let s(j) = j**2 - 10*j + 24. Give s(6).
0
Let o(i) = -i**3 - 25*i**2 - 46*i + 2. Determine o(-23).
2
Let a(s) = 40*s - 214. Determine a(5).
-14
Let o(p) = -p**3 + 8*p**2 - 15*p + 13. Calculate o(5).
13
Let d(j) = -2*j**3 + 3*j**2 + 9*j + 3. Calculate d(-2).
13
Let b(t) = -9*t**2 + 2*t - 1. What is b(2)?
-33
Let g(l) = -3*l**3 + 4*l**2 - 5*l + 31. Calculate g(4).
-117
Let x(v) = -12*v + 2. What is x(-1)?
14
Let g(k) = k**2 - 27*k + 153. Give g(19).
1
Let b(z) = 4*z + 8. Calculate b(3).
20
Let o(g) = 13*g - 16. What is o(4)?
36
Let r(y) = y**3 + 16*y**2 - 14*y + 53. Give r(-17).
2
Let d(k) = 26*k**2 - k + 2. Give d(1).
27
Let j(z) = -z**3 - 6*z**2 - 7*z - 6. Calculate j(-6).
36
Let r(c) = c + 10. Calculate r(-13).
-3
Let r(c) = 7*c + 7. Calculate r(3).
28
Let i(v) = -v**2 + 14*v - 13. Determine i(11).
20
Let j(k) = k**2 - 17*k + 2. What is j(9)?
-70
Let q(z) = 6*z + 2. Give q(1).
8
Let o(k) = -k**3 - 11*k**2 - 7*k + 12. Calculate o(-10).
-18
Let z(s) = s**3 - 4*s**2 + 4*s + 1. Calculate z(4).
17
Let h(g) = g**3 + 9*g**2 - 10*g - 1. Determine h(-10).
-1
Let i(u) = 7*u**2 + 85*u - 3. Calculate i(-12).
-15
Let l(r) = r**3 + 19*r**2 + r + 7. What is l(-19)?
-12
Let r(u) = -5*u**2 + 43*u - 22. Calculate r(8).
2
Let t(f) = -f**3 + f**2 - f - 2. Give t(0).
-2
Let a(x) = -x**3 - 8*x**2 - 5*x - 4. Give a(-7).
-18
Let m(n) = 10*n**3 + 8*n**2 - 7*n + 1. What is m(1)?
12
Let o(h) = -11*h + 462. Give o(41).
11
Let l(v) = -v**2 - 10*v - 33. Determine l(-8).
-17
Let b(j) = 6*j - 10. Calculate b(3).
8
Let y(m) = -m**3 - 10*m**2 - 8*m + 6. Calculate y(-9).
-3
Let r(f) = -f**3 - 7*f**2 - 2*f - 14. Give r(-7).
0
Let q(x) = 2*x**2 + 3*x - 2. Calculate q(-2).
0
Let t(p) = p**2 - 2*p - 10. Determine t(-3).
5
Let z(u) = 2*u**3 - 4*u**2 + 2*u. Calculate z(2).
4
Let t(l) = l**3 - 6*l**2 + 2*l + 1. What is t(6)?
13
Let c(m) = 3*m**2 + 27*m + 45. What is c(-6)?
-9
Let o(b) = -2*b**3 + 3*b**2 - 2. Give o(3).
-29
Let c(i) = i**3 - 6*i**2 + 3*i + 13. Give c(5).
3
Let i(y) = -y**2 - 17*y - 20. What is i(-17)?
-20
Let b(q) = -9*q - 54. Determine b(-4).
-18
Let z(j) = -10*j + 140. Determine z(13).
10
Let g(t) = -t**3 + 17*t**2 - 20*t + 20. Calculate g(16).
-44
Let p(r) = -r**2 - 3*r + 33. Calculate p(0).
33
Let t(v) = -v**2 + 7*v - 10. Determine t(4).
2
Let q(l) = l**2 + 10. Determine q(7).
59
Let g(p) = p**3 + 28*p**2 - p - 58. Calculate g(-28).
-30
Let i(w) = w**3 - 8*w**2 + 7*w - 1. What is i(7)?
-1
Let y(u) = u**3 + 4*u**2 - 3*u - 13. Give y(-3).
5
Let j(x) = -x + 3. Determine j(-12).
15
Let d(b) = b**3 + 19*b**2 - 21*b - 20. Give d(-20).
0
Let a(j) = j**3 + 6*j**2 + 2*j + 3. What is a(-5)?
18
Let v(r) = -20*r - 3. Give v(3).
-63
Let g(i) = -11*i - 13. What is g(4)?
-57
Let o(i) = i**3 - 10*i**2 + 3*i + 14. Determine o(10).
44
Let z(q) = -8*q**2 + 8*q - 3. Determine z(-5).
-243
Let n(x) = -x + 3. What is n(7)?
-4
Let a(n) = -n**3 - 13*n**2 - 3*n - 6. Determine a(-13).
33
Let t(u) = 4*u**2 + 38*u - 14. Determine t(-8).
-62
Let f(v) = -v - 11. Give f(-7).
-4
Let k(v) = v**2 + 15*v + 10. Calculate k(-14).
-4
Let o(c) = -2*c**3 + 3*c**2 - 1. Determine o(2).
-5
Let u(q) = -4*q**3 + 4*q**2 + q - 4. Calculate u(2).
-18
Let s(l) = l**2 + 2*l - 5. What is s(-5)?
10
Let a(c) = c - 3. What is a(-18)?
-21
Let i(a) = 24*a**2 - 3*a + 6. Determine i(2).
96
Let u(k) = -5*k - 26. Give u(-